 the greatest common divisor of 6 and f?
6
Let f be 7/(21/108)*(-260)/(-78). Let l be (-15)/6*-4*1. What is the highest common divisor of f and l?
10
Let i(u) = -2*u**2 - 5*u + 10. Let y be i(0). Calculate the highest common factor of 25 and y.
5
Let l be (4182/8)/17 - 3/4. What is the greatest common factor of 80 and l?
10
Let a(r) = -r**3 + 13*r**2 - 30*r + 11. Let h be a(10). Suppose -3*j = 3*v - 6, h = 3*v - 3*j - 13. What is the highest common factor of v and 15?
5
Suppose -2*t + 103 = -3*k, 0 = t - 4*t - 2*k + 122. Let j be (1 - 0)/(2/t). Let l = -382 - -415. Calculate the greatest common divisor of l and j.
11
Let n(z) = -z**2 + 8*z - 10. Let o = 9 - 2. Let y be n(o). Let s(m) = m**2 + 2*m - 1. Let h be s(y). What is the highest common divisor of 2 and h?
2
Let q = 58 - 51. Suppose 4*u - q*u + 84 = 0. What is the highest common divisor of 252 and u?
28
Let r = 23 + -23. Suppose -2*w - w = r. Suppose 3*f + 0 - 21 = w. What is the highest common factor of 70 and f?
7
Suppose -j - i = 0, 0*i = j - 3*i - 12. Suppose -5*n = -c - 93, -j*n + 66 = -6*c + 2*c. Calculate the greatest common factor of 3 and n.
3
Suppose p - 5 + 0 = 5*c, -4*c = 0. Suppose -40 = 14*t - 15*t - 2*b, 4*b = 0. What is the greatest common factor of p and t?
5
Let x = -297 - -369. What is the highest common factor of 468 and x?
36
Let g be 1008/4 + 4/(-2). Suppose 0*y = 5*y - g. Calculate the highest common divisor of 125 and y.
25
Suppose 2*v + 251 = 5*d - 0*d, -v + 53 = d. Suppose 4*t + 3*x - x - 134 = 0, 66 = 2*t + 2*x. What is the highest common divisor of d and t?
17
Let i = -207 - -215. What is the highest common factor of 88 and i?
8
Let n(r) = r**2 - 7*r + 5. Let m be n(7). Let l be 24 + -6*(-2)/(-4). Suppose l = m*x - 29. What is the highest common factor of 4 and x?
2
Let k be -4*2/(-4*(-2)/4). Let b be 4/k + 71 + -2 + 4. Calculate the highest common factor of 18 and b.
18
Let m = -228 - -242. What is the greatest common factor of m and 28?
14
Let d be 5/25 + 3/(-15). Suppose -m - m - 5*n - 13 = d, 0 = -5*m + 4*n + 50. Calculate the highest common factor of m and 66.
6
Let z(s) = 3*s**2 - s - 5. Let u be z(3). Let f = 12 + 7. What is the highest common divisor of u and f?
19
Suppose 194*d - 108*d = 52976. Calculate the highest common factor of d and 352.
88
Let u be (-135441)/(-1192) + (-3)/(-8). Calculate the highest common factor of 4 and u.
2
Let u = -4 - -3. Let b(t) = -73*t + 3. Let n be b(u). Suppose 4*m + n = 208. Calculate the greatest common factor of 3 and m.
3
Suppose -2*m + 5*g + 44 = 3*g, m + 5*g = 28. Suppose 7 = -2*x + m. Suppose x*c - 440 = 4*c. Calculate the greatest common factor of c and 10.
10
Suppose 0 = b - 3*b + 26. Let d = 32 - b. Let i = 1376 + -1224. Calculate the greatest common factor of d and i.
19
Let y(k) = -30*k + 45. Let b be y(-4). What is the highest common divisor of b and 33?
33
Let f be 102*((-56)/(-12) + -4). Suppose f*j - 136 = 60*j. What is the highest common divisor of j and 17?
17
Let o(w) be the first derivative of w**4/2 + w**3/3 - 2*w**2 + 4*w + 2. Let g be o(4). Calculate the greatest common divisor of g and 12.
12
Suppose m = -4*l + 280, -4*m + 9*m - 1448 = 4*l. Suppose -2*g - 13*g = -540. Calculate the greatest common factor of g and m.
36
Let b(x) = x**3 + 19*x**2 + 27*x + 4. Let q be b(-16). What is the greatest common factor of q and 34?
34
Suppose 4*a - 52 = 2*a. Let u = 34 + -32. Suppose -3*m + 4*q + 11 = -3, -4*m - u*q = -a. Calculate the highest common divisor of 30 and m.
6
Let v(j) = j**2 - 16*j - 15. Let y be v(17). Suppose -33 = -3*a - q + 3*q, -17 = -y*a + 3*q. What is the highest common divisor of a and 130?
13
Let r(g) = g + 16. Let u be r(-10). Suppose 2 = 7*q - u*q. Let b be q/7 + 2822/119. What is the greatest common divisor of b and 60?
12
Let v = -25 + 30. Let i be 2*16 - (5 - v). Calculate the greatest common divisor of 256 and i.
32
Suppose -4*b + 20 = 3*y, 7*b - 6*b + 5*y = -12. Calculate the highest common factor of 72 and b.
8
Let r(f) = -2*f**3 - 2*f**2 + 5*f - 7. Let p be r(6). Let m = -713 - p. Let z = -122 - m. What is the highest common divisor of 10 and z?
10
Suppose -2*b = z - 224 - 290, -3*z = -3*b - 1578. What is the greatest common factor of z and 58?
58
Let n(g) = -g**3 - 15*g**2 - 60*g - 14. Let v be n(-9). Calculate the greatest common divisor of v and 144.
8
Let c be 268/16 - 2/(-8). Let h(n) be the first derivative of 7*n**2/2 - 8*n + 10. Let j be h(6). What is the highest common divisor of j and c?
17
Let f be 18/((-2 + 1)/1). Let a = f - -21. Suppose 33 = a*k - 21. What is the greatest common divisor of 72 and k?
18
Let g be 1 + (6 - 7/((-21)/(-12))). What is the highest common factor of 78 and g?
3
Let q(x) = x**2 - x - 7. Let r be q(4). Let m(u) = -u**2 + 7*u + 12. Let t be m(9). Let a be (2/t)/(3/(-225)). Calculate the greatest common factor of r and a.
5
Let p(b) = -7*b**2 + 9*b + 10. Let x be p(-3). Let r = x - -91. What is the greatest common factor of r and 55?
11
Let s be (-98325)/(-399) + 8/14. Calculate the greatest common factor of 13 and s.
13
Let n(r) = r**3 + 15*r**2 + 25*r - 11. Let f be n(-13). Suppose k - 4*y = -5*y + 37, 2*y = f. Calculate the greatest common factor of 12 and k.
12
Suppose 17 = -i + 93. Let c(g) = -g - 1. Let d(m) = 4*m + 15. Let a(w) = 2*c(w) + d(w). Let n be a(3). Calculate the greatest common divisor of n and i.
19
Let o be ((-2)/10)/(12/30)*-10. Suppose -o*j + 30 = -80. Calculate the highest common divisor of 2 and j.
2
Suppose 2*v - 16 = -3*c - 228, -280 = 4*c + 2*v. Let h = -50 - c. What is the highest common divisor of 54 and h?
18
Let d = -41 + 47. Suppose 0 = 2*q + d - 26. Calculate the greatest common factor of q and 40.
10
Suppose -3*z + 8 = -2*z. Let t be ((-2)/(-1))/(-5 + 13 + -6). What is the highest common factor of z and t?
1
Let g(o) = -3 - 6*o**3 + 5*o**3 + 6*o**2 - o - 6*o. Let y be g(3). What is the highest common factor of y and 21?
3
Suppose -3562*r + 3563*r - 13 = 0. Suppose 0*d = -5*d + 325. Calculate the greatest common divisor of d and r.
13
Let c(j) be the third derivative of 3*j**6/40 - j**5/60 + j**4/24 - j**2. Let x be c(1). Let d = 7 - 4. What is the greatest common factor of d and x?
3
Let z be (-13 - 7)*2/(-8). Suppose -t - 9 = -4. Let n be t*(1 - (6 - 0)). What is the highest common divisor of n and z?
5
Let l(u) = -4*u**2 - 15*u - 15. Let t be l(-10). Let h = 425 + t. Suppose 8*k = 10*k - h. Calculate the greatest common divisor of 20 and k.
20
Let s = -197 - -422. Calculate the highest common factor of 135 and s.
45
Suppose -s + 50 = o, 3*s = 5*o + 6*s - 258. What is the highest common divisor of o and 48?
6
Suppose 48 + 51 = 9*q. Suppose -67 - 10 = -v. What is the highest common factor of q and v?
11
Suppose 58*j - 54*j + 4*i = 316, -5*j + 365 = -5*i. What is the highest common factor of 8 and j?
4
Let m(p) = 2*p**2 - 13*p - 47. Let i be m(-9). What is the greatest common divisor of i and 8?
8
Let d = -1723 + 1783. Calculate the greatest common factor of 40 and d.
20
Let p = -190 + 124. Let z = p - -81. Calculate the highest common divisor of z and 120.
15
Let f(v) = -4*v + 5. Let k(d) = 3*d - 6. Let i(x) = -3*f(x) - 2*k(x). Let s be i(1). What is the greatest common divisor of s and 2?
1
Let v be (468/10)/3*(-355)/(-142). What is the greatest common factor of 767 and v?
13
Let k(i) be the third derivative of i**5/60 + i**4/12 - i**3/2 + i**2. Let o = 163 + -157. Let j be k(o). What is the greatest common factor of j and 30?
15
Let l = -27 - -17. Let w be (78/l)/(3 + 48/(-15)). What is the highest common factor of 52 and w?
13
Suppose 0 = 2*b + 2*b - 3*i + 2, 5*i = 5*b. Let m be b/(-7) + (880/(-14))/(-4). Calculate the highest common factor of m and 64.
16
Let x(d) = 7*d + 40. Let h be x(-4). Let a = h + 20. Calculate the highest common divisor of 2 and a.
2
Suppose -12*l - 62 = -16*l + 2*y, -4*y - 7 = l. What is the highest common factor of 208 and l?
13
Suppose 18*o - 52*o + 816 = 0. Let u(r) = -r**2 - 5*r. Let l be u(-5). Suppose -3*i + 29 - 5 = l. Calculate the highest common divisor of i and o.
8
Let d(i) be the first derivative of -i**2 + 15*i + 5. Let o be d(17). Let n = 26 + o. Calculate the highest common factor of 7 and n.
7
Let c = 15 - 11. Suppose c*h + 22 = -58. Let t be (0 - 2)/(h/770